 m(-2).
2
Let n = 0 - -3. Let p(l) be the second derivative of -l**3/6 - l**2/2 - 2*l. Determine p(n).
-4
Let o(d) = -7*d**3 - 10*d**2 - 2*d + 5. Let z(n) = -n**3 + n. Let b(j) = -o(j) + 6*z(j). Determine b(-9).
4
Suppose -16 = m - 11. Let l(i) = -i**3 - 4*i**2 + 3*i - 6. Calculate l(m).
4
Suppose 6*j - 5*j = -4. Let r be 20/25 + (-2)/(-10). Let n(c) = r - 2 - 5 - 2*c. Calculate n(j).
2
Let o = 19 - 15. Let c(b) be the third derivative of -b**2 - b**3 - 5/24*b**o + 1/60*b**5 + 0 + 0*b. Determine c(5).
-6
Let x(y) be the second derivative of 5/6*y**3 + 1/3*y**4 - 1/20*y**5 + 0 + 3*y - 5/2*y**2. Let s be x(5). Let t(b) = b**2 + 7*b + 5. Give t(s).
-5
Suppose -5*j = 3*h + 32, 4*j + 0*h = 4*h. Let y(q) = 0 + 1 - 5*q - q**2 + 2. Determine y(j).
7
Let r(z) be the third derivative of z**4/24 + z**3/2 + z**2. Let j be 1/(4 + -3 - (-10)/(-8)). Give r(j).
-1
Let x(t) = 3*t**2 - t + 2. Let a(f) = 4*f**2 + 3. Let w(m) = -4*a(m) + 5*x(m). Calculate w(-5).
-2
Suppose -2*j + 8 + 2 = 0. Let h(l) = -l**2 + 4*l + 6. Let b be h(j). Let a(r) = 2*r**2. What is a(b)?
2
Let v(a) = -2*a + 4. Let l be (-2 + -2 - -3)*-4. Let y be 3/((-3)/(-1)) - l. Determine v(y).
10
Suppose 0 = 5*h - 2*h - 90. Suppose 5*z - h = p, 3*z - 3*p - 18 = -0*p. Let j(m) = -m**2 + 4*m + 1. Determine j(z).
-11
Let a be 1*(0/1 - 0). Let x(m) be the third derivative of 1/120*m**6 + 0*m + 0 + a*m**4 + 1/6*m**3 + 3*m**2 - 1/60*m**5. Calculate x(0).
1
Let j = -78 - -77. Let z(h) = 14*h. Calculate z(j).
-14
Let a(k) be the first derivative of -k**2 - 2*k - 2. Suppose 0 = d - 3*t - 7, 6 = 5*d + t + 19. Let j be -4*1/d + 0. Give a(j).
-6
Let b(v) be the second derivative of 0 - 2*v + 0*v**3 - 1/8*v**4 - 3/2*v**2. Let w(c) be the first derivative of b(c). Determine w(-4).
12
Let q(h) = -h**3 - 2*h**2 - 2*h - 2. Let m be (-6)/4*(-3 + 1). Suppose -i - 17 = -0*x + m*x, 3*x = -4*i - 23. Determine q(i).
2
Let c(d) = d**2 + d + 1. Let i(v) = -v**3 + 9*v**2 + 10*v + 4. Let x(s) = -6*c(s) + i(s). Let z be x(4). Let b(f) = f**3 + 3*f**2 + 2*f + 2. Determine b(z).
2
Let b(k) be the third derivative of -k**4/24 + k**3/3 + 3*k**2. Let p be b(2). Let o be p/((-1)/1 - -2). Let j(x) = -x**3 + x**2 + x + 4. Calculate j(o).
4
Let x(p) = -2*p - 5. Let k(v) = -v - 2. Let o(g) = -9*k(g) + 4*x(g). Determine o(-8).
-10
Let p(w) = 2*w**2 + 3 - 4*w + 2 - 7 + w**3. What is p(-3)?
1
Suppose 0 = 2*y - 4*q + 16, y + 2*y - 4*q + 24 = 0. Let z = y - -12. Let r(d) = -z*d**2 - 2*d**2 + 1 + 0*d**2. Calculate r(1).
-5
Let d(n) = 5*n**3 - 8*n**2 - 4*n - 7. Let g(z) = -z**3 + z**2 + 1. Let c(w) = -d(w) - 4*g(w). What is c(5)?
-2
Let q(z) be the second derivative of z**7/2520 + z**6/240 - z**5/30 - z**4/6 + 2*z. Let l(f) be the third derivative of q(f). Let k = -2 - 1. What is l(k)?
-4
Suppose -4*t + 15 = g, -8 + 3 = 2*t + 3*g. Let l = 15 + -11. Let r(k) = -4 - 4*k**2 - 3 + 3 - 3*k + l*k**3 - 3*k**3. Calculate r(t).
6
Let c = -5 - -4. Let i be (4/(-12))/(c/6). Let z(w) = 0*w**2 - i*w**2 + w**3 + 1 + 0*w**3. Give z(2).
1
Let i(k) = -2*k - 2. Let g = 1 - 1. Let n(b) = 3*b**2 - b. Let j be n(-1). Suppose -j*f - 28 = -5*y, g = -2*y - 2*y + 16. Give i(f).
2
Let b(p) = -3*p - 7. Let n = 8 - 14. Let z(c) = c + 2. Let d(i) = n*b(i) - 22*z(i). What is d(-2)?
6
Suppose 0 = 5*j - c - c - 72, 3*j + 4*c - 64 = 0. Let l be (-2)/(-1)*40/j. Let t(g) = -g + 5. What is t(l)?
0
Suppose 0 = 2*i + 4*y, -2*y = 2*i - 7*y. Let g be (-3)/(i - (-2 + 1)). Let z(r) = 2*r + r**2 + 2*r + 11 - 12. Determine z(g).
-4
Let q(b) = -3*b**2 + 7*b - 4. Let z(p) = -16*p**2 + 35*p - 19. Let c(a) = -11*q(a) + 2*z(a). Let h be 9/(-6)*(-28)/6. Let l = h + -3. Give c(l).
-6
Suppose 3*p - 20 = -p. Let x(r) = 1 + 0*r**2 + p*r**2 + 2*r**2. Suppose 1 = 4*b - 3. Determine x(b).
8
Suppose 4*p = 9*p. Let y(x) be the first derivative of -x**4/24 - x**3/2 + x**2 - 1. Let k(v) be the second derivative of y(v). Calculate k(p).
-3
Let h(q) be the first derivative of -4*q + 1/3*q**3 - 1/2*q**2 - 2. Calculate h(-3).
8
Let k(y) = y**2 - 4*y + 4. Let d = 18 + -15. Suppose -2*v - 10 = 0, 12 = -h - d*v - 0*v. Determine k(h).
1
Let j(k) = -2*k**2 + k + 0*k + 1 - 4 + 5*k**2. Let b(f) = 16*f**2 + 4*f - 16. Let v(m) = 2*b(m) - 11*j(m). Determine v(-4).
-3
Let m = 51 - 50. Let u(i) = 7*i + 1. Calculate u(m).
8
Let g(a) = 2*a**2 - a - 2. Let t(x) be the third derivative of 0*x - 2*x**2 - 1/2*x**3 - 1/24*x**4 + 1/20*x**5 + 0. Let n(b) = -5*g(b) + 3*t(b). Give n(2).
1
Let v(y) = 3*y**3 - 8*y**2 - 5*y + 3. Suppose 2*k - 10 = 4*k. Let f(i) = -2*i**3 + 5*i**2 + 3*i - 2. Let s(b) = k*v(b) - 8*f(b). Give s(0).
1
Let o(f) be the third derivative of f**5/60 + 3*f**4/8 - 11*f**3/6 + 31*f**2. What is o(-11)?
11
Let z(k) be the second derivative of -1/12*k**4 + 3*k - 2/3*k**3 - 2*k**2 + 0. What is z(-3)?
-1
Let h(j) = -2*j**3 + 4*j**2 - 4*j + 3. Let s be h(2). Let m(d) = -d**2 - d. Let a(o) = -3*o**2 - 7*o + 6. Let t(q) = -a(q) + 2*m(q). Calculate t(s).
-6
Let o(q) = -q - 6. Suppose -5*z = -z - 56. Suppose 0 = -5*c + 3*c - z. Let r be o(c). Let n(s) = 3*s**3. Determine n(r).
3
Let q(b) = 2*b**2 + 2*b. Let w = -41 - -43. Determine q(w).
12
Suppose -3*b = -2*q - 22, 9 - 17 = -2*b - 2*q. Let r(d) = d**2 - 8*d - 3. Give r(b).
-15
Let l(x) = 2*x**2 - 2*x - 2. Suppose 0*t = -t + 1. Suppose 1 = f - t. Suppose 23 = 5*h - 4*a, 0*a = h + f*a + 1. Give l(h).
10
Let x(o) = -o**2 + 6*o - 2. Suppose 19 = 5*a - 11. Calculate x(a).
-2
Let i(y) = y - 5. Let b = 7 + -4. Let f(g) = 2*g - 11. Let r(j) = b*f(j) - 7*i(j). Determine r(4).
-2
Let b(v) = v. Let d(u) = u**2 + 4*u - 5. Let h(o) = b(o) + d(o). Let j be -7*(18/7)/3. Let n be h(j). Let x(t) = -5*t. Calculate x(n).
-5
Let t(u) = 5 + 7*u + u**2 - 2*u - 4*u. Calculate t(0).
5
Let b(z) = -5 + 27*z**2 - 28*z**2 + 1 + 2*z. Determine b(3).
-7
Let h(v) be the second derivative of 0 - 1/3*v**3 - v + 0*v**2. Calculate h(2).
-4
Let i be 2/4 - 8/16. Let k(l) = l**2 + l - 9. Let s(y) = y**2 + y - 10. Let v(f) = -5*k(f) + 4*s(f). Calculate v(i).
5
Suppose -2 - 1 = -j. Let m(d) = -2*d**2 + d**3 - 2*d**2 + d**2 + 3 - j*d**2. Determine m(6).
3
Let w(x) = 3 + 3*x - 9*x - 2 + 1. Let t(m) = 5*m - 2. Let q(p) = 7*t(p) + 6*w(p). Let u(g) = -g - 3. Let d be u(-3). What is q(d)?
-2
Let q(s) = -s**3 + s**2 + 2*s. Let a be q(2). Let n(o) be the third derivative of 0*o + a - 1/12*o**4 - o**2 - 2/3*o**3. What is n(-3)?
2
Let m(z) = z**3 + 2*z**2 - z. Suppose -5*c - 2*f + 19 = -17, 4*f = -5*c + 32. Let i be (3/2)/((-6)/c). Give m(i).
2
Let u(f) = -f - 11. Suppose 0 = -5*h - 3*m - 31, 2*h + 6 = 2*m - 16. Let a be u(h). Let d(g) = -g - 4. Determine d(a).
-1
Let o(u) = -u**2 + 3*u + 5. Suppose 5*s - 20 = 5*y, -2*y - 2 = -5*s + 21. Let g = 3 + y. Suppose -l + g = -1. Determine o(l).
-5
Let f(b) be the first derivative of -2*b - 3 + 4 + b - 2*b**2. Suppose 2*p + 3 - 1 = 0. Give f(p).
3
Let l = 13 - 8. Suppose 7*a = 2*a - l. Let r(k) = 4 + 1 - 2*k - 4. Determine r(a).
3
Let c(p) = -3*p**2 + p + 21. Let f(h) = h**2. Let d(m) = c(m) + 4*f(m). Determine d(0).
21
Suppose 2*m + 4 = -3*m + 2*s, 3*s - 6 = 0. Let l(t) = t**3 + t**2 + 3. Give l(m).
3
Let g be 5 - 3/(-1)*1. Suppose 3*v + g = v. Let c(j) = -3 + j + 3. What is c(v)?
-4
Let g(t) = 4*t - 9. Let r be g(2). Let o(h) = 11*h + 1. Give o(r).
-10
Let v(r) = -r**3 - r**2 - r - 2. Let o be v(-2). Let h(z) = z**3 - 5*z**2 + 2*z + 5. Calculate h(o).
-3
Let a(k) = -5*k**2 + 11*k + 10. Let b = -20 + 9. Let o be (3/(-9))/(1/(-6)). Let q(v) = -v**2 + 2*v + 2. Let g(t) = b*q(t) + o*a(t). Calculate g(3).
7
Let r(n) be the third derivative of -n**8/20160 + n**7/5040 + n**6/360 - n**5/20 - 3*n**2. Let u(i) be the third derivative of r(i). Calculate u(3).
-4
Let b(g) = g**3 - g**2 - g + 1. Let m(x) = -x**3 + 7*x**2 + 4*x + 2. Let h(i) = -2*b(i) - m(i). Determine h(-5).
6
Let l(w) = -w + 1. Let f(v) = 7*v - 5. Let c(z) = -6*f(z) - 39*l(z). Give c(-8).
15
Suppose 2*y = -y - 2*j - 10, -20 = -2*y + 4*j. Let s be 12/(-1)*6/(-18). Let u(t) = -s + 1 + y + t + 0. Calculate u(0).
-3
Let p = -86 - -83. Let s(i) = i**3 + 4*i**2 + 6*i + 6. Let z(f) = -f**3 - 4*f**2 - 7*f - 7. Let r(d) = -5*s(d) - 4*z(d). Calculate r(p).
-5
Let v(j) be the first derivative of -j**7/840 + j**6/72 + j**5/120 - j**4/6 - 4*j**3/3 + 1. Let l(f) be the third derivative of v(f). Give l(5).
1
Let f(w) = -2*w + 0*